 base 6
-5
Convert -60 (base 13) to base 9.
-86
-1 (base 5) to base 11
-1
Convert -5 (base 11) to base 16.
-5
11 (base 3) to base 10
4
What is -42 (base 12) in base 11?
-46
2 (base 6) to base 13
2
What is 19 (base 13) in base 6?
34
What is 243 (base 8) in base 15?
ad
What is -50 (base 7) in base 4?
-203
2 (base 11) to base 15
2
Convert 11 (base 5) to base 6.
10
What is -2 (base 14) in base 2?
-10
33 (base 11) to base 3
1100
Convert 14 (base 5) to base 13.
9
1a (base 11) to base 6
33
Convert 53 (base 10) to base 7.
104
What is 4 (base 6) in base 5?
4
Convert 211 (base 4) to base 2.
100101
53 (base 11) to base 15
3d
What is 26 (base 10) in base 11?
24
-11 (base 3) to base 7
-4
-84 (base 12) to base 3
-10201
Convert -a2 (base 14) to base 15.
-97
What is -64 (base 7) in base 12?
-3a
-101 (base 2) to base 14
-5
3 (base 10) to base 14
3
Convert 9 (base 14) to base 13.
9
What is -3 (base 5) in base 10?
-3
What is -9d (base 16) in base 15?
-a7
What is -1 (base 6) in base 15?
-1
21 (base 8) to base 12
15
What is 138 (base 9) in base 2?
1110100
What is 6a (base 13) in base 9?
107
0 (base 6) to base 16
0
What is 2 (base 15) in base 4?
2
Convert -37 (base 11) to base 12.
-34
Convert -15 (base 14) to base 12.
-17
Convert 1 (base 8) to base 15.
1
Convert 28 (base 14) to base 13.
2a
What is 0 (base 12) in base 5?
0
What is -7 (base 9) in base 15?
-7
What is -3 (base 10) in base 13?
-3
Convert 23 (base 11) to base 3.
221
Convert 122 (base 5) to base 15.
27
What is 3 (base 7) in base 3?
10
What is -1023 (base 4) in base 13?
-5a
-b2 (base 13) to base 9
-171
What is 26 (base 7) in base 12?
18
43 (base 5) to base 9
25
2 (base 12) to base 5
2
Convert 35 (base 6) to base 13.
1a
Convert -4 (base 6) to base 14.
-4
-327 (base 9) to base 2
-100001100
40 (base 8) to base 11
2a
Convert -2 (base 14) to base 13.
-2
-221 (base 3) to base 14
-1b
Convert 0 (base 7) to base 14.
0
1 (base 3) to base 2
1
19 (base 10) to base 13
16
Convert 77 (base 9) to base 6.
154
Convert 150 (base 6) to base 14.
4a
Convert -24 (base 9) to base 4.
-112
Convert 20 (base 11) to base 6.
34
What is -cc (base 13) in base 12?
-120
What is -323 (base 6) in base 12?
-a3
What is 61 (base 14) in base 9?
104
4 (base 12) to base 15
4
4 (base 11) to base 14
4
3 (base 7) to base 9
3
Convert 18 (base 12) to base 13.
17
What is -3 (base 16) in base 2?
-11
What is -3 (base 5) in base 14?
-3
228 (base 10) to base 9
273
Convert 4b (base 14) to base 12.
57
Convert -2 (base 12) to base 16.
-2
-2 (base 13) to base 9
-2
11 (base 14) to base 5
30
129 (base 13) to base 16
cc
0 (base 2) to base 7
0
Convert 0 (base 11) to base 5.
0
1 (base 4) to base 12
1
What is 2002 (base 5) in base 7?
510
What is 6 (base 14) in base 4?
12
10 (base 5) to base 7
5
22 (base 3) to base 12
8
What is -32 (base 9) in base 12?
-25
Convert -65 (base 8) to base 13.
-41
Convert -2f (base 16) to base 3.
-1202
Convert -e7 (base 15) to base 3.
-22001
Convert 1 (base 10) to base 14.
1
Convert -c6 (base 16) to base 3.
-21100
-61 (base 15) to base 2
-1011011
35 (base 13) to base 4
230
Convert -55 (base 7) to base 3.
-1111
Convert -6 (base 10) to base 9.
-6
Convert -200 (base 3) to base 11.
-17
What is -2 (base 9) in base 16?
-2
-12 (base 5) to base 14
-7
What is 3 (base 7) in base 5?
3
What is 10 (base 5) in base 4?
11
5 (base 14) to base 12
5
What is -2 (base 8) in base 9?
-2
Convert -51 (base 7) to base 12.
-30
-1 (base 15) to base 9
-1
-40 (base 13) to base 2
-110100
Convert -3 (base 4) to base 16.
-3
What is 26 (base 12) in base 2?
11110
What is -2 (base 6) in base 10?
-2
-15 (base 8) to base 9
-14
What is 11 (base 3) in base 4?
10
-1101 (base 2) to base 11
-12
Convert 4 (base 15) to base 10.
4
What is -4 (base 7) in base 5?
-4
What is 10100 (base 2) in base 16?
14
Convert 3 (base 8) to base 10.
3
What is -2 (base 7) in base 4?
-2
-11 (base 5) to base 2
-110
Convert -1 (base 13) to base 5.
-1
What is 2 (base 5) in base 10?
2
2 (base 8) to base 4
2
-20 (base 9) to base 13
-15
22 (base 3) to base 6
12
What is -32 (base 11) in base 2?
-100011
Convert 10 (base 2) to base 9.
2
What is -2200 (base 3) in base 16?
-48
What is 2 (base 6) in base 14?
2
-19 (base 14) to base 3
-212
Convert -20102 (base 3) to base 13.
-104
Convert -3d (base 15) to base 13.
-46
40 (base 8) to base 9
35
Convert 23 (base 6) to base 16.
f
0 (base 16) to base 14
0
Convert -6 (base 11) to base 16.
-6
What is 0 (base 6) in base 8?
0
14 (base 16) to base 4
110
What is 3 (base 5) in base 10?
3
Convert -4 (base 11) to base 13.
-4
What is 2 (base 16) in base 8?
2
What is -4 (base 9) in base 4?
-10
Convert -4 (base 11) to base 10.
-4
34 (base 8) to base 13
22
What is -53 (base 6) in base 16?
-21
0 (base 15) to base 6
0
What is 120 (base 4) in base 16?
18
-4 (base 7) to base 4
-10
1 (base 13) to base 6
1
Convert 0 (base 8) to base 6.
0
What is 1 (base 11) in base 2?
1
Convert -2304 (base 5) to base 14.
-197
What is -12 (base 6) in base 11?
-8
2 (base 14) to base 3
2
What is -26 (base 9) in base 16?
-18
-2a (base 16) to base 9
-46
What is -4 (base 12) in base 16?
-4
-1 (base 13) to base 9
-1
Convert -2 (base 11) to base 12.
-2
Convert -5 (base 6) to base 11.
-5
What is 6 (base 11) in base 5?
11
What is 37 (base 8) in base 12?
27
-100000 (base 2) to base 10
-32
-7 (base 16) to base 6
-11
Convert -30 (base 5) to base 13.
-12
9 (base 12) to base 10
9
28 (base 11) to base 6
50
What is -15 (base 15) in base 12?
-18
-2 (base 7) to base 4
-2
-4 (base 16) to base 11
-4
Convert 72 (base 15) to base 12.
8b
102 (base 3) to base 10
11
Convert -e6 (base 15) to base 11.
-187
1 (base 7) to base 2
1
10132 (base 4) to base 8
436
21 (base 3) to base 4
13
What is 11 (base 15) in base 6?
24
Convert 10e (base 15) to base 9.
285
621 (base 7) to base 10
309
What is -ba (base 16) in base 14?
-d4
164 (base 8) to base 16
74
Convert 1 (base 4) to base 2.
1
-10 (base 2) to base 15
-2
7 (base 8) to base 15
7
What is -312 (base 4) in base 9?
-60
Convert 2 (base 7) to base 11.
2
1 (base 9) to base 7
1
Convert 0 (base 7) to base 9.
0
-4 (base 11) to base 7
-4
Convert -7 (base 12) to base 13.
-7
What is 12 (base 5) in base 13?
7
-3 (base 16) to base 9
-3
-50 (base 7) to base 4
-203
8e (base 15) to base 2
10000110
Convert 11 (base 5) to base 14.
6
Convert -5 (base 12) to base 4.
-11
-2 (base 10) to base 2
-10
What is 0 (base 3) in base 7?
0
What is 11 (base 3) in base 5?
4
Convert 0 (base 7) to base 12.
0
What is -159 (base 14) in base 2?
-100010011
Convert -3033 (base 4) to base 11.
-179
What is -18 (base 13) in base 4?
-111
What is -7 (base 13) in base 4?
-13
What is -9 (base 10) in base 14?
-9
What is 13 (base 9) in base 16?
c
What is 3 (base 12) in base 6?
3
What is -3 (base 5) in base 16?
-3
What is -32 (base 7) in base 14?
-19
What is -c (base 14) in base 9?
-13
-1 (base 15) to base 14
-1
Convert 37 (base 15) to base 4.
310
3 (base 14) to base 9
3
What is -2 (base 3) in base 6?
-2
5 (base 7) to base 16
5
What is 0 (base 12) in base 13?
0
Convert 10100 (base 2) to base 16.
14
-46 (base 7) to base 13
-28
-1002 (base 5) to base 6
-331
111 (base 6) to base 7
61
-3a (base 11) to base 6
-111
What is -193 (base 11) in base 3?
-22021
What is 11120 (base 3) in base 11?
102
4 (base 15) to base 8
4
10 (base 3) to base 4
3
Convert 1 (base 11) to base 15.
1
b (base 14) to base 12
b
Convert 23 (base 9) to base 8.
25
Convert -4 (base 10) to base 9.
-4
What is 1c (base 13) in base 11?
23
Convert -135 (base 12) to base 9.
-225
Convert 1 (base 12) to base 10.
1
Convert -3 (base 11) to base 4.
-3
-31 (base 8) to base 13
-1c
-1 (base 13) to base 9
-1
What is 99 (base 14) in base 13?
a5
20a (base 12) to base 7
604
Convert -20 (base 9) to base 15.
-13
-12 (base 11) to base 14
-d
85 (base 9) to base 5
302
Convert -12120 (base 3) to base 13.
-b7
-1 (base 9) to base 5
-1
Convert 22 (base 3) to base 12.
8
Convert 4 (base 9) to base 4.
10
-2042 (base 5) to base 15
-132
1202 (base 3) to base 13
38
Convert -1b (base 13) to base 16.
-18
Convert -4 (base 9) to base 8.
-4
2 (base 7) to base 6
2
What is 1 (base 4) in base 15?
1
Convert -10101000 (base 2) to base 3.
-20020
What is 0 (base 16) in base 10?
0
-a (base 13) to base 3
-101
10 (base 5) to base 9
5
What is 3 (base 8) in base 3?
10
16 (base 9) to base 12
13
-2 (base 15) to base 7
-2
What